. Let t = 2937 - w. Suppose -21687 = -11*c + t. Is c prime?
False
Suppose 0 = l + 4*j - 2 + 4, -4*j = 2*l - 16. Let o be -3 - (122/l + 8/36). Is (-204)/(-9) + o/15 a composite number?
True
Suppose -173147 = -12*h + 310969. Is h a prime number?
True
Let p = 281752 - 189321. Is p a prime number?
True
Let h = 25560 + -12443. Suppose 10*v - 73127 + h = 0. Is v a composite number?
True
Suppose -323*t + 39 = -336*t. Let r(d) be the first derivative of -d**4/2 - d**3 - 3*d**2/2 - 2*d - 1. Is r(t) a composite number?
True
Is 23526 + -3 - 854/61 prime?
True
Suppose -35*i + 179050 + 178195 = 0. Is i prime?
False
Let b(g) = 5*g**3 + 39*g**2 + 64*g - 445. Is b(41) a prime number?
True
Let o(u) = 427*u + 804. Is o(47) composite?
False
Is ((-3 - (9 - 6))/3)/(6/(-1153599)) a composite number?
False
Let i(t) = 1021*t**2 + 68*t - 584. Is i(13) a composite number?
False
Suppose 17*s = 61*s - 29*s - 9063435. Is s a composite number?
True
Let l(m) = 6*m**3 - 11*m**2 + 48*m + 24. Is l(17) prime?
False
Let a(y) = -y**3 + 104*y**2 + 80*y + 1480. Is a(81) prime?
True
Suppose 12*h - 6758 = 10*h - 4*n, 4*h - 13531 = -5*n. Suppose -i - l = -3*l - h, 0 = -3*l. Is i composite?
False
Suppose 5*x = a + 56414, -56412 = -5*x + 29*a - 26*a. Is x composite?
True
Let a be (90/4)/((-3)/(-4)). Let w = 34 - a. Suppose 9*h - 185 = w*h. Is h a composite number?
False
Let s(z) = 137*z**3 - 8*z**2 + 16*z. Let g be s(4). Suppose 3*d - 8119 = -3*f + 593, 3*f - g = d. Is f a composite number?
True
Let h = 1 + 5. Let r(q) be the second derivative of -q**4/12 + 2*q**3 - 15*q**2/2 - 21*q. Is r(h) composite?
True
Suppose 3*c - 2*c - 2*y - 2 = 0, -12 = 4*c + 2*y. Let g be (1 - c)*2149/21. Is g/(-2 - 60/(-28)) prime?
False
Suppose c - 4*u = 439771, 3*u = -285*c + 281*c + 1759160. Is c composite?
False
Is (-1053324)/(-28) + -2*2/(-14) prime?
True
Suppose 3393 = -6*w - 18441. Let j = 3162 - w. Is j composite?
True
Let j be ((-63)/(-36) - 2)*-16. Suppose -5*m = -t - 6003, 7*t = 5*m + j*t - 5999. Is m composite?
False
Suppose f - 81026 - 18471 = 0. Is f prime?
True
Suppose -2*v = f - 66215, 12*v = 4*f + 14*v - 264848. Is f composite?
True
Let l(u) = u**3 - 11*u**2 + 12*u + 2. Let b be l(10). Let z(n) = 2*n**2 + 43*n + 29. Is z(b) prime?
False
Let c(m) = -m**2 - 2*m + 2. Let v be c(0). Suppose -5*f = v*f - 21. Is (2/(-1))/(-2)*237/f a composite number?
False
Is 9206 + ((-8)/2 - (62 + -59)) a composite number?
False
Let u(z) = z**3 - 10*z**2 + 2. Let c be u(10). Let b(g) = -c + 10*g**2 + 11*g + 12*g**2 + 2*g**3 + 6. Is b(-10) a composite number?
True
Suppose -f + 6 = 3. Suppose -280356 = -25*k - 60*k + 192074. Suppose 0 = -f*x + o + k, -3707 = -2*x - 0*o - o. Is x prime?
False
Suppose 4*p - 95 - 29 = -4*g, -3*p = 5*g - 149. Let h be ((-1818)/(-105) - (-8)/g)*-5. Let u = h - -171. Is u composite?
False
Let j be 5 + (-2)/(-15) + (-544)/480. Suppose 3*q - 16826 = j*z, 8*z - 3*z + 28040 = 5*q. Is q prime?
False
Suppose 72*n - 9013 = 71*n. Suppose -21*i + 2978 = -n. Is i a prime number?
True
Is ((-6)/10)/(8/73180760)*(-2)/6 prime?
True
Let j(a) = 2382*a**2 - 80*a + 167. Is j(6) a composite number?
False
Let c = -512 + 496. Is (-7766)/33*-6*(-52)/c composite?
True
Let a be (0 - -1)/(-8*8/(-57152)). Suppose 0 = -r + 104 + a. Is r a prime number?
True
Suppose 4*a = s - 2*s + 550710, a + 2*s - 137667 = 0. Is a a prime number?
False
Let c be (8/12)/((-4)/78). Let b = 17 + c. Suppose -4*l = -l - b*p - 2049, -3*p + 2707 = 4*l. Is l composite?
True
Suppose -r - 3 = 0, -2*l + 24 = -4*r - 6. Suppose -6*h = -l*h + 7377. Is h prime?
True
Suppose -8*x + 51 = -5*x. Suppose -x + 32 = 3*g. Suppose -2*r + 309 + g = 0. Is r prime?
True
Suppose -12 = -y - 2*y. Suppose 14*s = 27 + 1. Suppose s*c = -0*c - 4*l + 7654, 0 = -3*c - y*l + 11485. Is c composite?
True
Suppose -10 = 5*s + p, -2*s - 9*p - 21 = -12*p. Is s/(2046/(-2037) + 1) prime?
False
Let c(m) = -4173*m + 965. Is c(-12) a composite number?
True
Let k be 2 + (-6)/51 + (-19)/(-17). Let r be ((-116)/k)/4 - 1/3. Is (22490/25)/((-4)/r) prime?
False
Let n be (8/10)/((-4)/(-100)). Let y(a) = 74*a - 49. Let o(m) = 146*m - 98. Let h(i) = -2*o(i) + 5*y(i). Is h(n) prime?
True
Let n = -57 + 59. Let p be (n + -3 + 11435)*(3 + -2). Is 10/(-45) - p/(-18) prime?
False
Let u(a) = -2*a**2 + 19*a + 14. Suppose -8*q - 9 = -89. Let z be u(q). Suppose -n = -z*v - 664 - 49, 0 = 4*v + 12. Is n a prime number?
True
Let x = -1039964 + 1531459. Is x composite?
True
Let n = 25168 + -75358. Let x be n/135 - 4/18. Is (x/10)/(24/(-60)) composite?
True
Let w(j) = 15877*j + 1779. Is w(4) a composite number?
False
Suppose v = -0*j + 4*j + 613, j = v - 628. Let w = v + -345. Suppose -436 = -5*x - 5*a - 61, 4*x - w = -a. Is x a composite number?
False
Let i(j) = -96*j**3 - 5*j**2 - 30*j - 83. Is i(-3) a prime number?
False
Let h(f) be the second derivative of -23/2*f**2 - 4/3*f**3 + 17*f + 0 + f**4. Is h(13) composite?
False
Suppose -395 = -5*v + 5*n, 4*n - 1 = v - 68. Let f(p) = -p**2 + p. Let z be f(1). Suppose -2*r - g + 1985 = 0, 2*r - 2*g + v - 2059 = z. Is r prime?
True
Suppose 2*z = -4*s + 64, -63 = -3*s + z - 5. Suppose -s*x = -23*x + 23165. Is x a composite number?
True
Let g = 67907 + -45604. Is g composite?
False
Let h = 377451 - 199774. Is h a prime number?
True
Let r be ((-198)/12)/11 + (-66)/(-4). Suppose 2*y - 176660 = -y + v, r = -3*v. Is y prime?
False
Let y = 775 - 528. Is (-26)/y - 75603/(-19) a prime number?
False
Let x(s) = -8*s**3 - 10*s**2 + 11*s - 19. Let c = -49 - -41. Is x(c) a prime number?
False
Suppose 21*g - 19*g = 536. Let u = g - -2049. Is u prime?
False
Let l = 160 - -381. Let c = 1020 - l. Is c prime?
True
Suppose -66*b = -65*b + 280*b - 661875549. Is b a composite number?
True
Suppose -24*a + 23*a + 884741 = -4*x, -4*x + 2654351 = 3*a. Is a a composite number?
True
Let x(i) = i**3 - 5*i**2. Let p be x(5). Let n be p - 8/(-2)*1. Suppose -n*y = 688 - 9156. Is y composite?
True
Let n be (-7288)/(-4 + 152/40). Suppose 36311 = 3*a - 2*m - n, 5*a + 5*m - 121285 = 0. Is a a composite number?
True
Suppose -90*q + 937077 = -3*q. Is q a composite number?
False
Let t(a) = -1667*a**3 + 2*a**2 + a + 1. Let y be t(-1). Suppose -5*p + y = -2*c, 0 = -0*p - 4*p - 5*c + 1355. Let o = -177 + p. Is o a prime number?
False
Suppose 10*j = 14*j - 8168. Suppose j = 3*q - 1375. Suppose 0 = 3*o + 2*x - q, -2*o - o = -x - 1127. Is o composite?
True
Is ((-1841540)/(-30))/(18/297) composite?
True
Suppose 0 = 4*o - 6*f + f + 41, 3*o + 17 = f. Is (o/18 + (-121597)/252)*-4 prime?
True
Let i(m) = 11*m**2 - 2*m - 5. Let q be ((-12)/8)/(-3)*2. Suppose r + 3 = h + q, 0 = 2*h + 4*r - 28. Is i(h) a prime number?
True
Let j(o) = -o**3 - 21*o**2 - 3. Let u be j(-21). Let s(p) = 19*p**2 - 2*p + 2. Is s(u) prime?
True
Let j = -7 - -3. Let l be (j + (-7)/(-2))*4098. Let z = l - -3446. Is z a composite number?
True
Suppose -w - 4*j - 12 = -3*w, 6 = 2*w - 2*j. Suppose -4*d + 4*n + 1772 = w, 4*d - 2*d - 886 = -5*n. Is d a composite number?
False
Suppose -5*a + 3655 = 500. Suppose -t = -2*s + a, -2*s + 622 = 3*t - t. Is s prime?
False
Suppose -2*w - n + 832 = 0, 3*w - 2*w - 5*n - 416 = 0. Let q = w - 584. Let u = q + 369. Is u prime?
False
Let p(g) = g**3 + 4*g**2 + 3*g + 17. Let a(f) = f**3 + 5*f**2 - 7*f - 2. Let t be a(-6). Suppose -14 = -t*j + 34. Is p(j) a composite number?
False
Let w(g) = -g - 11. Let s be w(-13). Is 6144 + (3/(-6))/(s/4) prime?
True
Suppose -2169518 = -143*q - 130*q + 15644005. Is q prime?
False
Let b(p) = 4*p**2 - 45*p + 88. Let u be b(2). Let s(g) = -1 + 5*g - 6 - g**2 + 2*g**2. Is s(u) prime?
False
Let o = 2 - 0. Let d be (-72)/252 + 96576/14. Suppose -3*n = -o*r + 6677 + 221, -d = -2*r + 4*n. Is r a composite number?
False
Let k(z) = -18*z + 76*z + 53*z**2 + 19 - 23*z. Is k(8) composite?
False
Let c be (3308/5)/((-90)/25 - -4). Let f = c - -2881. Is f a prime number?
False
Let p = 705 - 695. Suppose 0 = -18*c + p*c + 247816. Is c a composite number?
False
Let b = -15493 - -117972. Is b composite?
True
Let i(p) = -9225*p**3 + 5*p + 5. Let j be i(-1). Let s = j + -3160. Is s composite?
True
Suppose -3*q - 2*w + 364 = -671, 0 = q + 4*w - 335. Suppose 4*p = 5*g + 384 + q, 0 = -3*g - 9. Is p prime?
True
Suppose -7879 - 9875 = -3*d. Is d/4*(5 + -3) a composite number?
True
Suppose 12*